 = 0, 3*n + 9775 = 5*b. List the prime factors of b.
5, 17, 23
Let t(x) = -2*x**3 - x**2 + 6*x + 24. What are the prime factors of t(-6)?
2, 3
Let q be (-2463)/(-21) - 4/14. Let r = q - 27. Suppose 0 = -5*h - 4*d + 113, -8*d - r = -3*h - 3*d. What are the prime factors of h?
5
Let u = 166 - 235. Let o = u + 35. What are the prime factors of (-9)/(-2 - o/20)?
2, 3, 5
Let d be (-2 - -4)*(-4 - -11). Suppose 0 = -5*l + 22 - 7. Suppose m - l*m = -d. List the prime factors of m.
7
Let a = -1365 + 2566. List the prime factors of a.
1201
Let r be ((-4)/(-12)*0)/(-6 - -4). Suppose 3*t + 188 = 5*t. Suppose -a - 4*a - 4*j + 374 = r, -t = -a + 4*j. List the prime factors of a.
2, 3, 13
Suppose -v + 3*v - 3*f - 79 = 0, -v - 5*f = -46. Suppose 3*c + 2*m + 30 = 5*m, 2*m = 5*c + v. Let g(z) = z**2 + 3*z - 9. What are the prime factors of g(c)?
19
What are the prime factors of -42 + 42 + (-7257)/(-3)?
41, 59
Let l = -3190 + 4886. List the prime factors of l.
2, 53
Suppose -3*z + 2504 = -3*j + 380, -2*j = -z + 706. List the prime factors of z.
2, 5, 71
Let x(v) = 540*v - 1. List the prime factors of x(3).
1619
Let z(f) = 94*f**2 - 31*f - 49. List the prime factors of z(-5).
2, 307
Let s(m) = m**3 + 14*m**2 + 28*m + 25. What are the prime factors of s(-11)?
2, 5
What are the prime factors of (-20 - (-49)/7)/((-2)/76)?
2, 13, 19
Let z = -16 + 17. Let a be 1 - (z + 8/4). Let y = 44 - a. What are the prime factors of y?
2, 23
Let q = -4 + 11. Suppose -q*o + 377 = -428. List the prime factors of o.
5, 23
Suppose 3*t - 2589 = 6*z, 4*t + 6*z - 3517 = z. What are the prime factors of t?
3, 97
Let w = 29 + 3. Let y = w + 11. List the prime factors of y.
43
Let d = 30 + -21. Let u(a) = -a**2 + 12*a - 21. What are the prime factors of u(d)?
2, 3
Let a be (3/2)/((-4)/(-16)). Suppose -6 = 3*c - a*c. Suppose -3*z - 9 = -r, -c*r - r - 3*z + 39 = 0. List the prime factors of r.
2, 3
Suppose 2*c = -v - 41, 2*c - 7*c = 0. Let d = 91 + v. Let w = d - 24. What are the prime factors of w?
2, 13
Let d(x) = -x**2 - 36*x - 15. List the prime factors of d(-10).
5, 7
Let p = 4 - 1. Suppose p*v + 99 = 3*f, 2*v - 3*v + 33 = f. Let k = f - 15. What are the prime factors of k?
2, 3
Let c be -4 + 5 - 1*(-1 - -1). What are the prime factors of c/(9/888*(-10)/(-15))?
2, 37
Let b(a) = -5*a + 243. List the prime factors of b(-39).
2, 3, 73
Let t(n) = 25*n + 193. What are the prime factors of t(24)?
13, 61
Suppose 4*a + 4*d - 6476 = 0, 320*a - 4881 = 317*a + 3*d. What are the prime factors of a?
3, 541
Let b(r) = 3*r - 1. Let x be b(2). Suppose x*w - 13 = 2. What are the prime factors of (-4)/(1 - w) + 12?
2, 7
Suppose 0 = -4*j + 3*h + 90, 4*h = -3*j + 2*j + 32. What are the prime factors of (362/4 + 0)/(12/j)?
181
Let y be 1/4 + (-5)/(100/(-95)). Let f(z) = 6*z**2 - 6*z - 5. What are the prime factors of f(y)?
5, 23
Let z(w) be the third derivative of -7/6*w**3 + 1/60*w**5 + 0*w**4 + 0*w + 0 + 5*w**2. List the prime factors of z(5).
2, 3
Suppose 4*d - 3*g - 8 = 0, 4*d - 3 = -2*g + 5. Suppose -d*k = 2*k + 56. Let w(b) = -5*b - 11. What are the prime factors of w(k)?
59
Let u be (-4)/(-2) + 1/((-2)/(-1060)). Suppose 0 = -11*p + u + 1778. What are the prime factors of p?
2, 3, 5, 7
Let i(j) = 18*j + 2. Suppose 0*g + 20 = 4*g. Let q be i(g). Suppose -28 - q = -5*y. List the prime factors of y.
2, 3
Let g(r) = -r + 3. Let x be g(3). Suppose -3*h + x*h = -45. Suppose -4*c + 47 - h = 0. What are the prime factors of c?
2
Let a = 18 - 17. Suppose -19 = -5*s + a. Suppose -s = -m - 2. What are the prime factors of m?
2
Suppose -5*i + 3*x + 2503 = 6*x, 0 = i - 2*x - 511. What are the prime factors of i?
503
Suppose -4 + 7 = -3*s, 0 = -5*y + 4*s - 26. List the prime factors of (-6)/(-3)*(-477)/y.
3, 53
Let o = 94 - 92. Suppose -5*y + 586 = -0*y + o*l, 4*l - 110 = -y. List the prime factors of y.
2, 59
Let f(g) = 5*g**2 + 2*g + 1. Let u be f(-1). Let v(z) = z**2 - 5*z - 2. Let p be v(u). Let a(b) = -8*b + 5. List the prime factors of a(p).
53
Let l(b) = 35*b**2 - 2*b - 15. What are the prime factors of l(7)?
2, 3, 281
Let i(n) be the second derivative of -12*n + 0 + 1/2*n**2 - 4/3*n**3 + 1/12*n**4. List the prime factors of i(-5).
2, 3, 11
What are the prime factors of (44/66)/(2/1659)?
7, 79
Let a(g) = -18*g - 158. Let k be a(-7). Let q = -63 + 16. Let z = k - q. List the prime factors of z.
3, 5
Let x(y) = 3*y - 3. Let r be x(5). Suppose r*s = 11*s + 28. What are the prime factors of s?
2, 7
Let q = 1945 - -671. What are the prime factors of q?
2, 3, 109
Suppose u = -i + 2*u - 5, u = -i - 7. Let p = 128 - i. What are the prime factors of p?
2, 67
Suppose 5*k + 10 = 4*d - 2, 3*d - 9 = -4*k. Suppose 7*z = d*z. Suppose 4*r - 51 = 2*i + 45, i = z. List the prime factors of r.
2, 3
Suppose -83*j + 4400 = -73*j. List the prime factors of j.
2, 5, 11
Suppose 2*c + c + 2*f = -22, c + 2 = 2*f. Let o = 21 + c. List the prime factors of o.
3, 5
Suppose 4*q - 5*i - 1939 = 0, 3*i = 4*q - 3*q - 483. Suppose 0 = 3*t + 2 + 22. List the prime factors of t/(-6)*q/12.
2, 3
Let r = -508 - -807. List the prime factors of r.
13, 23
Let m = -155 + 250. Suppose -m = 2*i - 263. List the prime factors of i.
2, 3, 7
Let v be (19/5 + -3)/(6/5430). Suppose -2*a + 293 = -u - 4*u, 5*a - 4*u = v. What are the prime factors of a?
2, 3
Let l = -809 + 5282. List the prime factors of l.
3, 7, 71
Suppose 2*c + 151 = 5*t, -3*c = -5*t - 0*c + 154. Let z = t + 26. List the prime factors of (-2)/11 + 1550/z.
2, 7
Let y(w) = 11*w**2 + 40*w + 188. List the prime factors of y(-12).
2, 17, 19
Let c(x) = x + 12. List the prime factors of c(18).
2, 3, 5
Let a = 2730 - 1098. List the prime factors of a.
2, 3, 17
Suppose 3*l = 4*n + 688, 999 = 3*l + n + 301. List the prime factors of l.
2, 29
Let s(d) = 5*d**2 - 1. Let u be s(1). Suppose 2*f + u - 6 = 0. What are the prime factors of (-4)/8*-46*f?
23
What are the prime factors of (-15253)/(-3)*(-9)/(-21)?
2179
Suppose 49*t + 22275 = 64*t. List the prime factors of t.
3, 5, 11
Let b(d) = d**2 + 38*d - 311. What are the prime factors of b(8)?
3, 19
Suppose 3*s - 20 = -2*x, s - 4*s - 5*x = -5. Suppose -s*u + u = -63. What are the prime factors of u?
7
Let f be (-1)/(20/(-16))*5. Suppose h - 5 = -2*y, h + 5*y - f - 4 = 0. Suppose -5*p - h*s = -6*s - 380, 3*s + 76 = p. What are the prime factors of p?
2, 19
Let x = 10 + 221. What are the prime factors of x?
3, 7, 11
List the prime factors of (862/1)/(22 + -20).
431
Suppose -a + 12 = 3*a. Suppose 0 - 6 = -a*v - 2*o, -4*v = o - 13. Suppose p + 5*u - 27 = 0, 0*p - v*p + u = -24. List the prime factors of p.
7
Let c = 573 - -2766. What are the prime factors of ((-4)/(-6))/(42/c)?
53
Suppose 10 = 4*n - 2. Suppose -3*q = -4*z - 44, -4*q = -n*q - 2*z - 18. What are the prime factors of q?
2
Suppose w + 3*z + 9 = 0, -2*w - z + 5 = -2. Suppose -26 = -4*k + w. List the prime factors of k.
2
Suppose 3*r + 0*r = 0. Let s be 3 - 3/(1 + r). Suppose -k + 142 = 4*l + 11, 2*l - 2*k - 68 = s. What are the prime factors of l?
3, 11
Let x(t) = -204*t + 181. What are the prime factors of x(-15)?
7, 463
Suppose -72 = -15*i + 3. Suppose i*d + 223 - 1233 = -h, -4*d = -4*h - 784. List the prime factors of d.
3, 67
Let b = -129 + 274. Suppose 5*j + b = 4*q - 10, 3*j = 3*q - 114. What are the prime factors of q?
5, 7
Let d(p) = 12*p + 12. Let v be d(-5). What are the prime factors of (-1188)/v + (-1)/(-4)?
5
Let p = -102 - -178. Let i = p - 61. What are the prime factors of i?
3, 5
Suppose 9*j - 7*j - 6 = 0. Suppose 2*l + j*l = 25. Suppose l*r - r = 76. What are the prime factors of r?
19
Let z(i) = -i**3 - 11*i**2 + 8*i - 5. Let b be z(-11). Let a = -43 - b. List the prime factors of 7/(7/(-3)) + a.
47
Let d be (-6)/2 - (-2 - 15). Suppose 0 = -0*n - n + d. Let b = n + -8. What are the prime factors of b?
2, 3
Suppose -44*q + 43*q + 1768 = 0. List the prime factors of q.
2, 13, 17
List the prime factors of ((-90)/75)/(-1 - (-4)/5).
2, 3
Suppose 7*y + 36 = 9*y. Let d = -18 + y. Suppose -3*a + 0*a = -5*q + 14, d = -5*a + 10. List the prime factors of q.
2
Let b(f) = -f**2 - 4*f + 4. Let g = 10 + -13. Let d be b(g). Let a = 19 - d. What are the prime factors of a?
2, 3
Suppose -o + 0 = -14. Suppose j - 3*s + o = 0, j - 2*s = -1 - 9. List the prime factors of j/(4/(-70)) + 1.
2, 3
Let